e
Suppose 5*i + 2520886 = 3*k, -78*i = -2*k - 82*i + 1680554. Is k prime?
False
Is (-63973294)/(-847) + (-9)/33 a prime number?
False
Suppose 7*s + 21 = -n + 4*s, 0 = -4*n - 4*s - 52. Is (36/20)/(n/(-4395)) a composite number?
True
Is (-2*(-5882915)/10)/(11 + (-15 - -5)) a prime number?
True
Let v = -1788 + 7427. Is v prime?
True
Suppose -m + 1327601 = 5*d, 4*m - 5300730 = 7*d + 9620. Is m a prime number?
False
Let o = -180 - -175. Let w(c) = -10*c**3 - 6*c**2 - 4*c - 3. Is w(o) a prime number?
True
Let i(a) = -12*a - 2 - 3*a**2 - 36 - 10*a**2 + a**3. Let n be (1 + 15)*(-5 + 6). Is i(n) a composite number?
True
Let d = 2490502 + -223205. Is d a composite number?
False
Let k = -56837 + 124348. Is k composite?
False
Let f = 3217 - 1783. Let r be f/4*(-12)/(-18). Is 4*3/4 + r*6 a prime number?
False
Let i be 1266/(12 - 15 - (-37)/12). Suppose -5*h - 7611 = -2*l, 4*l + 0*l - i = 4*h. Is l a prime number?
True
Suppose -2*w = -5*i + 264879, -591*i + 52994 = -590*i - 3*w. Is i composite?
False
Let d(v) = 47*v**2 + 101*v - 829. Is d(42) a prime number?
False
Let k(q) = -17*q**2 - 3*q + 15. Let y be k(-6). Let g = y - -970. Is g prime?
False
Let b be 1 + (662 - 2/(-1)). Let z = b - 99. Let g = z - 259. Is g prime?
True
Suppose 3*x - 10 = -5*l, 4*l = 43*x - 47*x. Suppose l*j - 107886 = 289. Is j a composite number?
True
Let v(c) = -94*c**3 + 5*c**2 - 97*c - 29. Is v(-12) a prime number?
False
Let n = -196276 + 386643. Is n composite?
False
Let z = -121 - -129. Suppose -7*b - 1963 = -z*b. Is b composite?
True
Let i = -251 - -268. Is (4/(16/(-3)))/(i/(-221068)) a prime number?
False
Suppose -7779592 = -43*q - 405221. Is q a composite number?
True
Let y = 48868 - 31595. Is y prime?
False
Let p = 83 + -78. Suppose a - 3*a + 1524 = p*t, t + 3*a - 297 = 0. Suppose 2*x + 84 = -4*q + 502, 0 = -3*q + x + t. Is q a composite number?
False
Suppose 2*o = -3*c + 431685, 4*c - 14*o - 575603 = -9*o. Is c a composite number?
True
Suppose -17 = 7*d - 52. Is (15/d + -490)*-1 a composite number?
False
Suppose 9*l - 60 = 19*l. Let t(q) = -526*q + 65. Is t(l) a composite number?
False
Suppose -2*f + 9*l - 8*l = -255075, 4*f - 20*l = 510168. Is f a prime number?
False
Suppose 5*u - 10 = 5*k, 5*u - 2 = 3*k + 4. Suppose 817 = o + 4*d, 2*o - 1641 = -d - u*d. Is o prime?
True
Let o(i) = 6*i**3 - 294*i**2 - 31*i + 813. Is o(76) composite?
True
Let l(n) = 5*n**2 + 4*n + 1. Suppose 3*p = -3*y, -7 = 5*y + p - 3*p. Let m be l(y). Suppose 0 = -m*x, -4*b = -b - x - 1137. Is b composite?
False
Suppose 28*d = 57 + 279. Suppose d*p - 45582 = 6*p. Is p a prime number?
False
Let x(g) be the first derivative of 1469*g**3/3 - 3*g**2/2 + 4*g - 4. Let n be x(-3). Suppose -2*z = 5*h - 7*z - 13240, 5*h + z = n. Is h a prime number?
True
Let b = 293 - 294. Is 87 - 90 - (b + -2223 + 0) composite?
False
Suppose 6*t + 0*t - 42 = 0. Suppose -2*x + t*x - 30 = 0. Suppose 2*d + x*d = 5352. Is d a prime number?
False
Let z(w) = -22*w**3 - 2*w**2 + 10*w + 169. Is z(-15) composite?
False
Suppose -30*d - 968 = -22*d. Let m = d - -125. Suppose 16*a - 3804 = m*a. Is a a prime number?
True
Let t(m) = -73*m - 25. Let f be (-5 - (-42)/9)/(2/12). Let k(r) = 37*r + 12. Let l(j) = f*t(j) - 5*k(j). Is l(-7) a composite number?
False
Let z = -4 + 3. Let o be -209 + -6 - z*1. Let l = 417 + o. Is l composite?
True
Suppose 2*n - 4 + 3 = 3*q, 0 = 3*q - 3*n + 6. Let t be -2 - (2948/6)/(1/q). Let l = t - -2389. Is l a prime number?
False
Suppose -4*f - 4*g - 4 = 0, 0 = f + 4*g - 2*g + 2. Suppose f = -2*i + 154 - 124. Is i a prime number?
False
Let c(u) = u**2 - 4*u + 22. Let n(p) = -3*p + 12. Suppose 4*h + 4 = -3*z + 7*z, 0 = -5*h + 2*z - 11. Let y be n(h). Is c(y) composite?
False
Let u = -22316 + 36274. Let l = -9516 + u. Is l prime?
False
Let w be ((-18)/12 + 1)*1804/2. Let y = 2704 - w. Suppose 16*k - y = 11357. Is k a composite number?
False
Let c(i) = -5*i**2 + 21*i + 4. Let l be c(2). Is 0 + 474 - (l - 23) a prime number?
False
Let a be (-14)/(-2) - 29748/(-37). Suppose -2*q - 1118 = -2*t, 2*t + 5*q - 335 = a. Is t prime?
True
Let u = -53152 - 9239. Let x = -672279 - u. Is (1 - (-4)/(-6))/((-32)/x) composite?
False
Let z(u) = 108*u + 0*u + 12 + 13*u. Let d be z(5). Suppose 5*x + d = 2712. Is x a prime number?
True
Let z be ((-27)/18)/(3/(-8)) - 0. Suppose -z*u + 12300 = -2*v, 7*v - 12296 = -4*u + 10*v. Is u prime?
False
Let m(v) = -9310*v + 5515. Is m(-73) a prime number?
False
Let s(w) be the second derivative of 435*w**4/4 - w**3/6 + 18*w. Let p be s(1). Suppose -3*c = c - p. Is c composite?
True
Let p = 4060 + -2121. Let u = p - 811. Suppose -4*l = -5*z - u, l + 5*z = 533 - 226. Is l prime?
False
Let p = -789764 - -1165395. Is p a prime number?
True
Suppose 0 = 5*a - 46 + 1. Suppose -a*l = -8*l. Suppose r - 260 - 281 = l. Is r a prime number?
True
Suppose 16*y = 107153 + 143295. Is y a composite number?
True
Let g be (9/(-6))/(646/(-320) - -2). Let p = -77 + g. Suppose a = -5*h + 3470, 2*a - 1380 = -p*h + h. Is h a composite number?
True
Let b be (15/2)/(7 + (-125)/20). Let z be (-2)/b - 3/((-45)/52908). Let t = z + -2445. Is t a prime number?
False
Let d = -4354 - -2178. Let j = 4271 + d. Is j composite?
True
Let g(m) = 26*m**2 + 10*m - 285. Is g(11) prime?
True
Let b(y) = y + 1. Let z(g) = 51*g + 20. Let j(s) = b(s) - z(s). Suppose 0 = 28*l - 22*l + 42. Is j(l) prime?
True
Let q be (-4)/(6/(-153)*3). Let h = q - 36. Is h/(-18) + (-7994)/(-63) prime?
True
Suppose 687536 + 2439974 = 18*h - 2428352. Is h composite?
True
Let c(r) = 39273*r + 544. Is c(9) a prime number?
True
Let b(z) be the first derivative of 19*z**3/6 + 11*z**2 + 12*z - 8. Let o(w) be the first derivative of b(w). Is o(13) a composite number?
False
Let l be (-3 - 2) + (-9 - -8). Let k(c) = -3763*c + 323. Is k(l) prime?
True
Let j = -124 - -149. Suppose -11*i = -j*i + 26614. Is i composite?
False
Suppose -4*n - 3*d + 11093 = 0, -3*n + 39*d = 41*d - 8319. Is n composite?
True
Let x(z) = -33*z - 1. Let g be x(18). Let f = g + 2126. Is f a composite number?
False
Suppose -46*z + 179*z - 6250069 = 0. Is z a prime number?
True
Suppose 4*j = 3*j + 2474. Suppose j + 943 = -3*n. Let l = n - -2112. Is l a composite number?
True
Let m(o) = 2*o**3 + 12*o**2 - 48*o + 339. Is m(34) a prime number?
False
Let z = -2 + 4. Suppose -712 = -z*u + 7302. Is u a prime number?
True
Suppose 0 = 2*x + 10 + 8. Let i(j) be the third derivative of -j**6/120 + j**5/5 - 4*j**3/3 - 138*j**2. Is i(x) a prime number?
True
Let m be -1 + 1072 - (-5 + 0). Suppose 114*u + m = 118*u. Is u a composite number?
False
Suppose -2*s - 3*z + 79267 = -599826, -2*s - 2*z = -679088. Is s composite?
False
Suppose -8*z - 26410 = 2*z. Is 0 + (-3 - z) + -5 prime?
True
Is (-7529332)/12*(28 + -31) composite?
True
Let k(m) = -m**3 + 10*m**2 - 16*m - 35. Let h be k(7). Let u(a) = -17*a + 1541. Is u(h) prime?
False
Let m = -25187 - -32976. Is m a prime number?
True
Suppose 187296 = 2*d - 71*k + 73*k, 2*d - 187324 = 2*k. Is d a composite number?
True
Suppose -7 = -2*m - 3. Suppose 0 = m*z - 45 + 11. Suppose 756 = h + z. Is h composite?
False
Suppose 4*c + 2 - 6 = 0. Let y be 203*20/15 + c/3. Let b = y + -128. Is b a composite number?
True
Suppose 4*c + 148143 = 2*w - 69875, -6*w + 653998 = -4*c. Is w prime?
False
Suppose -9462 = -8*s + 6*s. Suppose -h + s - 1830 = 0. Is h a composite number?
True
Suppose 4*h = -8*h + 120. Is (-2)/(-10) - (-1628)/h prime?
True
Let s = 280671 + -139550. Is s a prime number?
True
Is 2*(8 + -7) + (2678 + 0 - -1) a composite number?
True
Let y be 3/(1197/(-2020) + (-15)/(-25)). Is (y/(-8))/((-6)/4)*57 composite?
True
Suppose -4*y + 6 = -2*p, 0*y + 5*y = 4*p + 3. Suppose -5*v = -t + 4*t + 43, -t + 9 = -p*v. Is 2/t - (5990/(-15) + -4) composite?
True
Suppose 15*w - 52 = 2*w. Suppose 4*a = -4*r + 7800, 2*r - 9*a + w*a - 3893 = 0. Is r prime?
True
Suppose 0 = 3*r - 10124 + 812. Let t = -1648 + 3833. Let o = r - t. Is o prime?
True
Let d be (1/(-2))/(13/(-78)). Suppose d*c + 5*c = 7304. Is c a composite number?
True
Suppose 2*y = -2*b - 6, 5 = 2*y - 1. Let j(d) = -d**3 + 3*d**2 + 7*d + 2. Let v be j(b). Let p = 411 + v. Is p prime?
False
Suppose 0 = -p + 6. Suppose p*q = q - 10. Is 2*(111 - 0)/(q + 4) composite?
True
Let n(w) = 1118*w**2 + 3*w + 35. Is n(-8) a prime number?
Tr